{"id":1934,"date":"2025-11-13T00:41:25","date_gmt":"2025-11-13T00:41:25","guid":{"rendered":"http:\/\/amej.org.mx\/home\/?page_id=1934"},"modified":"2025-11-13T00:41:56","modified_gmt":"2025-11-13T00:41:56","slug":"mensaje","status":"publish","type":"page","link":"http:\/\/amej.org.mx\/home\/mensaje\/","title":{"rendered":"Mensaje"},"content":{"rendered":"\t\t<div data-elementor-type=\"wp-page\" data-elementor-id=\"1934\" class=\"elementor elementor-1934\">\n\t\t\t\t\t\t<section class=\"elementor-section elementor-top-section elementor-element elementor-element-5694112 elementor-section-boxed elementor-section-height-default elementor-section-height-default\" data-id=\"5694112\" data-element_type=\"section\">\n\t\t\t\t\t\t<div class=\"elementor-container elementor-column-gap-default\">\n\t\t\t\t\t<div class=\"elementor-column elementor-col-100 elementor-top-column elementor-element elementor-element-da330a4\" data-id=\"da330a4\" data-element_type=\"column\">\n\t\t\t<div class=\"elementor-widget-wrap elementor-element-populated\">\n\t\t\t\t\t\t<div class=\"elementor-element elementor-element-3e2671b elementor-widget elementor-widget-shortcode\" data-id=\"3e2671b\" data-element_type=\"widget\" data-widget_type=\"shortcode.default\">\n\t\t\t\t<div class=\"elementor-widget-container\">\n\t\t\t\t\t\t\t<div class=\"elementor-shortcode\"><div id=\"metaslider-id-1926\" style=\"width: 100%;\" class=\"ml-slider-3-102-0 metaslider metaslider-flex metaslider-1926 ml-slider has-dots-nav ms-theme-default-base\" role=\"region\" aria-label=\"Mesa directiva bienvenida\" data-height=\"394\" data-width=\"700\">\n    <div id=\"metaslider_container_1926\">\n        <div id=\"metaslider_1926\">\n            <ul aria-live='off' class='slides'>\n                <li style=\"display: block; width: 100%;\" class=\"slide-1927 ms-image \" aria-roledescription=\"slide\" data-date=\"2025-11-13 00:13:59\" data-slide-type=\"image\"><img fetchpriority=\"high\" decoding=\"async\" src=\"http:\/\/amej.org.mx\/home\/wp-content\/uploads\/2025\/11\/AMEJ-Mesa-Basica-2025-2027-3_pages-to-jpg-0001-scaled-700x394.jpg\" height=\"394\" width=\"700\" alt=\"\" class=\"slider-1926 slide-1927 msDefaultImage\" title=\"AMEJ Mesa Ba\u0301sica 2025-2027-3_pages-to-jpg-0001\" \/><\/li>\n                <li style=\"display: none; width: 100%;\" class=\"slide-1928 ms-image \" aria-roledescription=\"slide\" data-date=\"2025-11-13 00:14:12\" data-slide-type=\"image\"><img decoding=\"async\" src=\"http:\/\/amej.org.mx\/home\/wp-content\/uploads\/2025\/11\/AMEJ-Mesa-Basica-2025-2027-3_pages-to-jpg-0002-scaled-700x394.jpg\" height=\"394\" width=\"700\" alt=\"\" class=\"slider-1926 slide-1928 msDefaultImage\" title=\"AMEJ Mesa Ba\u0301sica 2025-2027-3_pages-to-jpg-0002\" \/><\/li>\n                <li style=\"display: none; width: 100%;\" class=\"slide-1929 ms-image \" aria-roledescription=\"slide\" data-date=\"2025-11-13 00:14:23\" data-slide-type=\"image\"><img decoding=\"async\" src=\"http:\/\/amej.org.mx\/home\/wp-content\/uploads\/2025\/11\/AMEJ-Mesa-Basica-2025-2027-3_pages-to-jpg-0003-scaled-700x394.jpg\" height=\"394\" width=\"700\" alt=\"\" class=\"slider-1926 slide-1929 msDefaultImage\" title=\"AMEJ Mesa Ba\u0301sica 2025-2027-3_pages-to-jpg-0003\" \/><\/li>\n                <li style=\"display: none; width: 100%;\" class=\"slide-1930 ms-image \" aria-roledescription=\"slide\" data-date=\"2025-11-13 00:14:31\" data-slide-type=\"image\"><img loading=\"lazy\" decoding=\"async\" src=\"http:\/\/amej.org.mx\/home\/wp-content\/uploads\/2025\/11\/AMEJ-Mesa-Basica-2025-2027-3_pages-to-jpg-0004-scaled-700x394.jpg\" height=\"394\" width=\"700\" alt=\"\" class=\"slider-1926 slide-1930 msDefaultImage\" title=\"AMEJ Mesa Ba\u0301sica 2025-2027-3_pages-to-jpg-0004\" \/><\/li>\n                <li style=\"display: none; width: 100%;\" class=\"slide-1931 ms-image \" aria-roledescription=\"slide\" data-date=\"2025-11-13 00:14:40\" data-slide-type=\"image\"><img loading=\"lazy\" decoding=\"async\" src=\"http:\/\/amej.org.mx\/home\/wp-content\/uploads\/2025\/11\/AMEJ-Mesa-Basica-2025-2027-3_pages-to-jpg-0005-scaled-700x394.jpg\" height=\"394\" width=\"700\" alt=\"\" class=\"slider-1926 slide-1931 msDefaultImage\" title=\"AMEJ Mesa Ba\u0301sica 2025-2027-3_pages-to-jpg-0005\" \/><\/li>\n                <li style=\"display: none; width: 100%;\" class=\"slide-1932 ms-image \" aria-roledescription=\"slide\" data-date=\"2025-11-13 00:14:48\" data-slide-type=\"image\"><img loading=\"lazy\" decoding=\"async\" src=\"http:\/\/amej.org.mx\/home\/wp-content\/uploads\/2025\/11\/AMEJ-Mesa-Basica-2025-2027-3_pages-to-jpg-0006-scaled-700x394.jpg\" height=\"394\" width=\"700\" alt=\"\" class=\"slider-1926 slide-1932 msDefaultImage\" title=\"AMEJ Mesa Ba\u0301sica 2025-2027-3_pages-to-jpg-0006\" \/><\/li>\n            <\/ul>\n        <\/div>\n        \n    <\/div>\n<\/div><\/div>\n\t\t\t\t\t\t<\/div>\n\t\t\t\t<\/div>\n\t\t\t\t\t<\/div>\n\t\t<\/div>\n\t\t\t\t\t<\/div>\n\t\t<\/section>\n\t\t\t\t<section class=\"elementor-section elementor-top-section elementor-element elementor-element-d775628 elementor-section-boxed elementor-section-height-default elementor-section-height-default\" data-id=\"d775628\" data-element_type=\"section\">\n\t\t\t\t\t\t<div class=\"elementor-container elementor-column-gap-default\">\n\t\t\t\t\t<div class=\"elementor-column elementor-col-100 elementor-top-column elementor-element elementor-element-bf0a611\" data-id=\"bf0a611\" data-element_type=\"column\">\n\t\t\t<div class=\"elementor-widget-wrap elementor-element-populated\">\n\t\t\t\t\t\t<div class=\"elementor-element elementor-element-8e5e7bb elementor-widget elementor-widget-text-editor\" data-id=\"8e5e7bb\" data-element_type=\"widget\" data-widget_type=\"text-editor.default\">\n\t\t\t\t<div class=\"elementor-widget-container\">\n\t\t\t\t\t\t\t\t\t<p>\u00a1Bienvenidas y bienvenidos a la AMEJ! \ud83c\uddf2\ud83c\uddfd\ud83e\udd1d\ud83c\uddef\ud83c\uddf5<\/p><p>Somos la comunidad que re\u00fane a m\u00e1s de 600 exbecarias y exbecarios del gobierno de Jap\u00f3n a lo largo de tres d\u00e9cadas. Nacimos para tender puentes duraderos entre M\u00e9xico y Jap\u00f3n y hoy seguimos creciendo con un compromiso muy claro: abrir oportunidades, conectar talento y multiplicar el impacto de la experiencia Jap\u00f3n en la vida de las personas y en nuestra sociedad.<\/p><p>Si eres exbecario(a), esta es tu casa: encontrar\u00e1s una red de apoyo, encuentros regionales y nacionales, y espacios para compartir tu trayectoria. Si eres estudiante, acad\u00e9mico(a), emprendedor(a) o parte de la comunidad interesada en Jap\u00f3n, aqu\u00ed podr\u00e1s conocer de primera mano c\u00f3mo postular a las becas MEXT, escuchar experiencias reales y descubrir colaboraciones en academia, cultura, ciencia y empresa.<\/p><p>Nuestro trabajo se expresa en acciones concretas: promovemos las becas MEXT en universidades de todo el pa\u00eds; acompa\u00f1amos a nuevas y nuevos becarios antes del viaje, al llegar a Jap\u00f3n y durante su estancia; impulsamos la vinculaci\u00f3n y el networking mediante foros, conferencias, semanas culturales y encuentros con aliados en M\u00e9xico y Jap\u00f3n.<\/p><p>La invitaci\u00f3n es simple: \u00fanete o reactiva tu membres\u00eda, participa en coordinaciones regionales y tem\u00e1ticas, comparte tu experiencia como mentora o mentor, y ac\u00e9rcate si buscas estudiar o colaborar con Jap\u00f3n. Con tu energ\u00eda y talento, haremos de la AMEJ una red m\u00e1s unida, presente y \u00fatil para M\u00e9xico y Jap\u00f3n. World \ud83c\udf0e\u2728<\/p><p>\u00a0<\/p><p>Dr. Carlos M\u00e9ndez Galindo<\/p><p>Presidente, AMEJ 2025\u20132027<\/p>\t\t\t\t\t\t\t\t<\/div>\n\t\t\t\t<\/div>\n\t\t\t\t\t<\/div>\n\t\t<\/div>\n\t\t\t\t\t<\/div>\n\t\t<\/section>\n\t\t\t\t<\/div>\n\t\t","protected":false},"excerpt":{"rendered":"<p>\u00a1Bienvenidas y bienvenidos a la AMEJ! \ud83c\uddf2\ud83c\uddfd\ud83e\udd1d\ud83c\uddef\ud83c\uddf5 Somos la comunidad que re\u00fane a m\u00e1s de 600 exbecarias y exbecarios del gobierno de Jap\u00f3n a lo largo de tres d\u00e9cadas. Nacimos para tender puentes duraderos entre M\u00e9xico y Jap\u00f3n y hoy seguimos creciendo con un compromiso muy claro: abrir oportunidades, conectar talento y multiplicar el impacto&#8230;<\/p>\n","protected":false},"author":5,"featured_media":0,"parent":0,"menu_order":0,"comment_status":"closed","ping_status":"closed","template":"","meta":{"footnotes":""},"class_list":["post-1934","page","type-page","status-publish","hentry"],"_links":{"self":[{"href":"http:\/\/amej.org.mx\/home\/wp-json\/wp\/v2\/pages\/1934","targetHints":{"allow":["GET"]}}],"collection":[{"href":"http:\/\/amej.org.mx\/home\/wp-json\/wp\/v2\/pages"}],"about":[{"href":"http:\/\/amej.org.mx\/home\/wp-json\/wp\/v2\/types\/page"}],"author":[{"embeddable":true,"href":"http:\/\/amej.org.mx\/home\/wp-json\/wp\/v2\/users\/5"}],"replies":[{"embeddable":true,"href":"http:\/\/amej.org.mx\/home\/wp-json\/wp\/v2\/comments?post=1934"}],"version-history":[{"count":4,"href":"http:\/\/amej.org.mx\/home\/wp-json\/wp\/v2\/pages\/1934\/revisions"}],"predecessor-version":[{"id":1938,"href":"http:\/\/amej.org.mx\/home\/wp-json\/wp\/v2\/pages\/1934\/revisions\/1938"}],"wp:attachment":[{"href":"http:\/\/amej.org.mx\/home\/wp-json\/wp\/v2\/media?parent=1934"}],"curies":[{"name":"wp","href":"https:\/\/api.w.org\/{rel}","templated":true}]}}