{"id":934,"date":"2021-04-02T00:13:05","date_gmt":"2021-04-02T00:13:05","guid":{"rendered":"http:\/\/amej.org.mx\/home\/?page_id=934"},"modified":"2025-11-13T21:50:28","modified_gmt":"2025-11-13T21:50:28","slug":"galeria","status":"publish","type":"page","link":"http:\/\/amej.org.mx\/home\/galeria\/","title":{"rendered":"Galeria"},"content":{"rendered":"\t\t<div data-elementor-type=\"wp-page\" data-elementor-id=\"934\" class=\"elementor elementor-934\">\n\t\t\t\t\t\t<section class=\"elementor-section elementor-top-section elementor-element elementor-element-bdc4614 elementor-section-boxed elementor-section-height-default elementor-section-height-default\" data-id=\"bdc4614\" data-element_type=\"section\">\n\t\t\t\t\t\t<div class=\"elementor-container elementor-column-gap-default\">\n\t\t\t\t\t<div class=\"elementor-column elementor-col-100 elementor-top-column elementor-element elementor-element-f374677\" data-id=\"f374677\" data-element_type=\"column\">\n\t\t\t<div class=\"elementor-widget-wrap elementor-element-populated\">\n\t\t\t\t\t\t<section class=\"elementor-section elementor-inner-section elementor-element elementor-element-9481b0d elementor-section-boxed elementor-section-height-default elementor-section-height-default\" data-id=\"9481b0d\" data-element_type=\"section\">\n\t\t\t\t\t\t<div class=\"elementor-container elementor-column-gap-default\">\n\t\t\t\t\t<div class=\"elementor-column elementor-col-50 elementor-inner-column elementor-element elementor-element-48547b7\" data-id=\"48547b7\" data-element_type=\"column\">\n\t\t\t<div class=\"elementor-widget-wrap elementor-element-populated\">\n\t\t\t\t\t\t<div class=\"elementor-element elementor-element-8271b63 elementor-position-top elementor-widget elementor-widget-image-box\" data-id=\"8271b63\" data-element_type=\"widget\" data-widget_type=\"image-box.default\">\n\t\t\t\t<div class=\"elementor-widget-container\">\n\t\t\t\t\t<div class=\"elementor-image-box-wrapper\"><figure class=\"elementor-image-box-img\"><a href=\"http:\/\/amej.org.mx\/home\/galeria-amej\/\" tabindex=\"-1\"><img fetchpriority=\"high\" decoding=\"async\" width=\"1732\" height=\"1154\" src=\"http:\/\/amej.org.mx\/home\/wp-content\/uploads\/2021\/04\/CenaBaile25Aniv2.jpg\" class=\"attachment-full size-full wp-image-1071\" alt=\"\" srcset=\"http:\/\/amej.org.mx\/home\/wp-content\/uploads\/2021\/04\/CenaBaile25Aniv2.jpg 1732w, http:\/\/amej.org.mx\/home\/wp-content\/uploads\/2021\/04\/CenaBaile25Aniv2-300x200.jpg 300w, http:\/\/amej.org.mx\/home\/wp-content\/uploads\/2021\/04\/CenaBaile25Aniv2-1024x682.jpg 1024w, http:\/\/amej.org.mx\/home\/wp-content\/uploads\/2021\/04\/CenaBaile25Aniv2-768x512.jpg 768w, http:\/\/amej.org.mx\/home\/wp-content\/uploads\/2021\/04\/CenaBaile25Aniv2-1536x1023.jpg 1536w, http:\/\/amej.org.mx\/home\/wp-content\/uploads\/2021\/04\/CenaBaile25Aniv2-850x566.jpg 850w, http:\/\/amej.org.mx\/home\/wp-content\/uploads\/2021\/04\/CenaBaile25Aniv2-1200x800.jpg 1200w, http:\/\/amej.org.mx\/home\/wp-content\/uploads\/2021\/04\/CenaBaile25Aniv2-620x413.jpg 620w, http:\/\/amej.org.mx\/home\/wp-content\/uploads\/2021\/04\/CenaBaile25Aniv2-400x267.jpg 400w\" sizes=\"(max-width: 1732px) 100vw, 1732px\" \/><\/a><\/figure><div class=\"elementor-image-box-content\"><h3 class=\"elementor-image-box-title\"><a href=\"http:\/\/amej.org.mx\/home\/galeria-amej\/\">Fotos AMEJ<\/a><\/h3><p class=\"elementor-image-box-description\">Fotografias de AMEJ<\/p><\/div><\/div>\t\t\t\t<\/div>\n\t\t\t\t<\/div>\n\t\t\t\t\t<\/div>\n\t\t<\/div>\n\t\t\t\t<div class=\"elementor-column elementor-col-50 elementor-inner-column elementor-element elementor-element-d073421\" data-id=\"d073421\" data-element_type=\"column\">\n\t\t\t<div class=\"elementor-widget-wrap elementor-element-populated\">\n\t\t\t\t\t\t<div class=\"elementor-element elementor-element-6ddacc7 elementor-position-top elementor-widget elementor-widget-image-box\" data-id=\"6ddacc7\" data-element_type=\"widget\" data-widget_type=\"image-box.default\">\n\t\t\t\t<div class=\"elementor-widget-container\">\n\t\t\t\t\t<div class=\"elementor-image-box-wrapper\"><figure class=\"elementor-image-box-img\"><a href=\"http:\/\/amej.org.mx\/home\/galeria-expo\/\" tabindex=\"-1\"><img decoding=\"async\" width=\"1600\" height=\"800\" src=\"http:\/\/amej.org.mx\/home\/wp-content\/uploads\/2021\/03\/banner-historia.jpg\" class=\"attachment-full size-full wp-image-771\" alt=\"\" srcset=\"http:\/\/amej.org.mx\/home\/wp-content\/uploads\/2021\/03\/banner-historia.jpg 1600w, http:\/\/amej.org.mx\/home\/wp-content\/uploads\/2021\/03\/banner-historia-300x150.jpg 300w, http:\/\/amej.org.mx\/home\/wp-content\/uploads\/2021\/03\/banner-historia-1024x512.jpg 1024w, http:\/\/amej.org.mx\/home\/wp-content\/uploads\/2021\/03\/banner-historia-768x384.jpg 768w, http:\/\/amej.org.mx\/home\/wp-content\/uploads\/2021\/03\/banner-historia-1536x768.jpg 1536w, http:\/\/amej.org.mx\/home\/wp-content\/uploads\/2021\/03\/banner-historia-850x425.jpg 850w\" sizes=\"(max-width: 1600px) 100vw, 1600px\" \/><\/a><\/figure><div class=\"elementor-image-box-content\"><h3 class=\"elementor-image-box-title\"><a href=\"http:\/\/amej.org.mx\/home\/galeria-expo\/\">Exposici\u00f3n fotogr\u00e1fica Jap\u00f3n a trav\u00e9s de la lente de los ex becarios<\/a><\/h3><p class=\"elementor-image-box-description\">Exposicion fotografica de ex becarios en 2015<\/p><\/div><\/div>\t\t\t\t<\/div>\n\t\t\t\t<\/div>\n\t\t\t\t\t<\/div>\n\t\t<\/div>\n\t\t\t\t\t<\/div>\n\t\t<\/section>\n\t\t\t\t<div class=\"elementor-element elementor-element-53eaede elementor-widget elementor-widget-spacer\" data-id=\"53eaede\" data-element_type=\"widget\" data-widget_type=\"spacer.default\">\n\t\t\t\t<div class=\"elementor-widget-container\">\n\t\t\t\t\t\t\t<div class=\"elementor-spacer\">\n\t\t\t<div class=\"elementor-spacer-inner\"><\/div>\n\t\t<\/div>\n\t\t\t\t\t\t<\/div>\n\t\t\t\t<\/div>\n\t\t\t\t<section class=\"elementor-section elementor-inner-section elementor-element elementor-element-5d7e9b9 elementor-section-boxed elementor-section-height-default elementor-section-height-default\" data-id=\"5d7e9b9\" data-element_type=\"section\">\n\t\t\t\t\t\t<div class=\"elementor-container elementor-column-gap-default\">\n\t\t\t\t\t<div class=\"elementor-column elementor-col-50 elementor-inner-column elementor-element elementor-element-0077df7\" data-id=\"0077df7\" data-element_type=\"column\">\n\t\t\t<div class=\"elementor-widget-wrap elementor-element-populated\">\n\t\t\t\t\t\t<div class=\"elementor-element elementor-element-dd68462 elementor-position-top elementor-widget elementor-widget-image-box\" data-id=\"dd68462\" data-element_type=\"widget\" data-widget_type=\"image-box.default\">\n\t\t\t\t<div class=\"elementor-widget-container\">\n\t\t\t\t\t<div class=\"elementor-image-box-wrapper\"><figure class=\"elementor-image-box-img\"><a href=\"http:\/\/amej.org.mx\/home\/revista25\/\" tabindex=\"-1\"><img decoding=\"async\" width=\"120\" height=\"120\" src=\"http:\/\/amej.org.mx\/home\/wp-content\/uploads\/2021\/03\/logo-v02.png\" class=\"attachment-full size-full wp-image-898\" alt=\"Logo AMEJ\" \/><\/a><\/figure><div class=\"elementor-image-box-content\"><h3 class=\"elementor-image-box-title\"><a href=\"http:\/\/amej.org.mx\/home\/revista25\/\">Revista 25 a\u00f1os<\/a><\/h3><p class=\"elementor-image-box-description\">Revista conmemorativa a los 25 a\u00f1os de la asociaci\u00f3n 1994-2019<\/p><\/div><\/div>\t\t\t\t<\/div>\n\t\t\t\t<\/div>\n\t\t\t\t\t<\/div>\n\t\t<\/div>\n\t\t\t\t<div class=\"elementor-column elementor-col-50 elementor-inner-column elementor-element elementor-element-d6bff54\" data-id=\"d6bff54\" data-element_type=\"column\">\n\t\t\t<div class=\"elementor-widget-wrap elementor-element-populated\">\n\t\t\t\t\t\t<div class=\"elementor-element elementor-element-235db3c elementor-position-top elementor-widget elementor-widget-image-box\" data-id=\"235db3c\" data-element_type=\"widget\" data-widget_type=\"image-box.default\">\n\t\t\t\t<div class=\"elementor-widget-container\">\n\t\t\t\t\t<div class=\"elementor-image-box-wrapper\"><figure class=\"elementor-image-box-img\"><a href=\"http:\/\/amej.org.mx\/home\/revista30\/\" tabindex=\"-1\"><img loading=\"lazy\" decoding=\"async\" width=\"409\" height=\"416\" src=\"http:\/\/amej.org.mx\/home\/wp-content\/uploads\/2025\/11\/logo30-removebg-preview.png\" class=\"attachment-full size-full wp-image-1958\" alt=\"\" srcset=\"http:\/\/amej.org.mx\/home\/wp-content\/uploads\/2025\/11\/logo30-removebg-preview.png 409w, http:\/\/amej.org.mx\/home\/wp-content\/uploads\/2025\/11\/logo30-removebg-preview-295x300.png 295w, http:\/\/amej.org.mx\/home\/wp-content\/uploads\/2025\/11\/logo30-removebg-preview-300x305.png 300w\" sizes=\"(max-width: 409px) 100vw, 409px\" \/><\/a><\/figure><div class=\"elementor-image-box-content\"><h3 class=\"elementor-image-box-title\"><a href=\"http:\/\/amej.org.mx\/home\/revista30\/\">Revista 30 a\u00f1os<\/a><\/h3><p class=\"elementor-image-box-description\">Revista conmemorativa a los 30 a\u00f1os de la asociaci\u00f3n 1994-2024<\/p><\/div><\/div>\t\t\t\t<\/div>\n\t\t\t\t<\/div>\n\t\t\t\t\t<\/div>\n\t\t<\/div>\n\t\t\t\t\t<\/div>\n\t\t<\/section>\n\t\t\t\t\t<\/div>\n\t\t<\/div>\n\t\t\t\t\t<\/div>\n\t\t<\/section>\n\t\t\t\t<\/div>\n\t\t","protected":false},"excerpt":{"rendered":"<p>Fotos AMEJ Fotografias de AMEJ Exposici\u00f3n fotogr\u00e1fica Jap\u00f3n a trav\u00e9s de la lente de los ex becarios Exposicion fotografica de ex becarios en 2015 Revista 25 a\u00f1os Revista conmemorativa a los 25 a\u00f1os de la asociaci\u00f3n 1994-2019 Revista 30 a\u00f1os Revista conmemorativa a los 30 a\u00f1os de la asociaci\u00f3n 1994-2024<\/p>\n","protected":false},"author":5,"featured_media":0,"parent":0,"menu_order":0,"comment_status":"closed","ping_status":"closed","template":"","meta":{"footnotes":""},"class_list":["post-934","page","type-page","status-publish","hentry"],"_links":{"self":[{"href":"http:\/\/amej.org.mx\/home\/wp-json\/wp\/v2\/pages\/934","targetHints":{"allow":["GET"]}}],"collection":[{"href":"http:\/\/amej.org.mx\/home\/wp-json\/wp\/v2\/pages"}],"about":[{"href":"http:\/\/amej.org.mx\/home\/wp-json\/wp\/v2\/types\/page"}],"author":[{"embeddable":true,"href":"http:\/\/amej.org.mx\/home\/wp-json\/wp\/v2\/users\/5"}],"replies":[{"embeddable":true,"href":"http:\/\/amej.org.mx\/home\/wp-json\/wp\/v2\/comments?post=934"}],"version-history":[{"count":53,"href":"http:\/\/amej.org.mx\/home\/wp-json\/wp\/v2\/pages\/934\/revisions"}],"predecessor-version":[{"id":1962,"href":"http:\/\/amej.org.mx\/home\/wp-json\/wp\/v2\/pages\/934\/revisions\/1962"}],"wp:attachment":[{"href":"http:\/\/amej.org.mx\/home\/wp-json\/wp\/v2\/media?parent=934"}],"curies":[{"name":"wp","href":"https:\/\/api.w.org\/{rel}","templated":true}]}}